ds digit of 509724474?
2
What is the millions digit of 687417847?
7
What is the ten thousands digit of 3839512?
3
What is the millions digit of 5599486308?
9
What is the millions digit of 1881655115?
1
What is the ten millions digit of 701739474?
0
What is the hundreds digit of 37421706?
7
What is the tens digit of 40667937?
3
What is the billions digit of 2243705842?
2
What is the millions digit of 14548629?
4
What is the hundred thousands digit of 759747751?
7
What is the hundred thousands digit of 509895459?
8
What is the hundreds digit of 144731893?
8
What is the thousands digit of 133817808?
7
What is the millions digit of 28163835?
8
What is the ten thousands digit of 7747260?
4
What is the hundreds digit of 5531964720?
7
What is the units digit of 90627445?
5
What is the hundred thousands digit of 1481921883?
9
What is the hundreds digit of 2504411276?
2
What is the millions digit of 69143939?
9
What is the thousands digit of 171473725?
3
What is the ten millions digit of 1016298663?
1
What is the ten thousands digit of 38569825?
6
What is the hundred thousands digit of 259164139?
1
What is the hundreds digit of 485129537?
5
What is the units digit of 5877656819?
9
What is the hundreds digit of 1183805992?
9
What is the ten millions digit of 37587993?
3
What is the ten thousands digit of 260144843?
4
What is the hundreds digit of 599637272?
2
What is the tens digit of 89643830?
3
What is the ten thousands digit of 164512399?
1
What is the hundred thousands digit of 6613036570?
0
What is the hundred thousands digit of 776432376?
4
What is the ten thousands digit of 29195298?
9
What is the units digit of 42475268?
8
What is the hundred millions digit of 565714878?
5
What is the millions digit of 20110552?
0
What is the units digit of 983782145?
5
What is the ten thousands digit of 5406003?
0
What is the millions digit of 16073592?
6
What is the thousands digit of 1534618942?
8
What is the hundred thousands digit of 555595197?
5
What is the ten millions digit of 51249668?
5
What is the millions digit of 35930061?
5
What is the thousands digit of 247426425?
6
What is the tens digit of 95902659?
5
What is the hundred millions digit of 284823774?
2
What is the hundreds digit of 53971923?
9
What is the ten millions digit of 11109071?
1
What is the ten millions digit of 417944176?
1
What is the ten thousands digit of 149910649?
1
What is the millions digit of 2168533269?
8
What is the units digit of 1818615422?
2
What is the thousands digit of 322095267?
5
What is the hundreds digit of 16795663?
6
What is the millions digit of 45161840?
5
What is the millions digit of 17993290?
7
What is the hundred thousands digit of 234634445?
6
What is the ten thousands digit of 1843150508?
5
What is the hundred millions digit of 2710667570?
7
What is the tens digit of 1515366720?
2
What is the hundred thousands digit of 46966389?
9
What is the hundred thousands digit of 59026130?
0
What is the thousands digit of 17134622?
4
What is the tens digit of 11582353?
5
What is the thousands digit of 13033925?
3
What is the tens digit of 774397646?
4
What is the hundred millions digit of 341361591?
3
What is the hundred millions digit of 525869305?
5
What is the hundred thousands digit of 272517975?
5
What is the hundreds digit of 865435330?
3
What is the ten thousands digit of 153505389?
0
What is the thousands digit of 5616142?
6
What is the millions digit of 31952048?
1
What is the hundreds digit of 274354232?
2
What is the millions digit of 621205561?
1
What is the hundreds digit of 44397498?
4
What is the hundred millions digit of 101141220?
1
What is the ten thousands digit of 92617884?
1
What is the ten thousands digit of 136114439?
1
What is the hundred thousands digit of 57295689?
2
What is the ten millions digit of 2886478787?
8
What is the thousands digit of 597930471?
0
What is the hundreds digit of 429826260?
2
What is the ten millions digit of 27457671?
2
What is the ten millions digit of 6386226006?
8
What is the hundred millions digit of 229474104?
2
What is the ten thousands digit of 467160850?
6
What is the tens digit of 40043637?
3
What is the thousands digit of 217244814?
4
What is the hundred thousands digit of 1540679414?
6
What is the thousands digit of 258413308?
3
What is the tens digit of 867071834?
3
What is the thousands digit of 395155796?
5
What is the hundreds digit of 131826296?
2
What is the tens digit of 60503619?
1
What is the thousands digit of 49122752?
2
What is the hundreds digit of 138352188?
1
What is the hundred thousands digit of 663892044?
8
What is the millions digit of 277443163?
7
What is the units digit of 7727285?
5
What is the ten millions digit of 1401797794?
0
What is the hundred millions digit of 411693017?
4
What is the tens digit of 335903447?
4
What is the hundreds digit of 130522366?
3
What is the tens digit of 65096884?
8
What is the ten millions digit of 250360440?
5
What is the hundred thousands digit of 1676278028?
2
What is the thousands digit of 28784047?
4
What is the units digit of 3343695705?
5
What is the tens digit of 45618963?
6
What is the ten millions digit of 646140210?
4
What is the hundreds digit of 223391847?
8
What is the tens digit of 233558663?
6
What is the hundred thousands digit of 1418841990?
8
What is the ten thousands digit of 12784455?
8
What is the thousands digit of 830749?
0
What is the millions digit of 109641399?
9
What is the millions digit of 120531760?
0
What is the hundred thousands digit of 25885419?
8
What is the hundreds digit of 209170905?
9
What is the tens digit of 31903194?
9
What is the thousands digit of 123950876?
0
What is the tens digit of 204396873?
7
What is the units digit of 3683847?
7
What is the ten millions digit of 478765382?
7
What is the ten millions digit of 1197219695?
9
What is the hundred thousands digit of 705576316?
5
What is the hundred thousands digit of 154172391?
1
What is the ten thousands digit of 181509420?
0
What is the tens digit of 4002290508?
0
What is the millions digit of 212570318?
2
What is the units digit of 69883593?
3
What is the units digit of 82874649?
9
What is the ten thousands digit of 58056927?
5
What is the hundred millions digit of 1090657860?
0
What is the hundreds digit of 288185435?
4
What is the units digit of 77826896?
6
What is the hundred millions digit of 1291893865?
2
What is the hundreds digit of 108316628?
6
What is the thousands digit of 325569740?
9
What is the hundred thousands digit of 7204497?
2
What is the ten thousands digit of 59788200?
8
What is the units digit of 5729894?
4
What is the tens digit of 70498734?
3
What is the hundred thousands digit of 36745960?
7
What is the tens digit of 92190928?
2
What is the millions digit of 53320139?
3
What is the ten millions digit of 150955254?
5
What is the millions digit of 307990795?
7
What is the units digit of 40139229?
9
What is the hundreds digit of 1168285076?
0
What is the ten millions digit of 2128865905?
2
What is the billions digit of 1045247197?
1
What is the ten thousands digit of 1041772474?
7
What is the hundreds digit of 192622525?
5
What is the hundred thousands digit of 2010478207?
4
What is the tens digit of 45916268?
6
What is the hundreds digit of 79822292?
2
What is the hundred millions digit of 513204264?
5
What is the thousands digit of 11181896?
1
What is the millions digit of 65533934?
5
What is the units digit of 2714272?
2
What is the ten millions digit of 364025672?
6
What is the ten millions digit of 2370389207?
7
What is the tens digit of 101160696?
9
What is the ten thousands digit of 1912797415?
9
What is the hundred thousands digit of 309955902?
9
What is the tens digit of 27961918?
1
What is the units digit of 1035999980?
0
What is the units digit of 279702240?
0
What is the hundred millions digit of 274388804?
2
What is the hundred thousands digit of 779353030?
3
What is the hundred thousands digit of 118699184?
6
What is the ten thousands digit of 1193863617?
6
What is the tens digit of 1637006978?
7
What is the hundreds digit of 65378803?
8
What is the tens digit of 365993613?
1
What is the hundreds digit of 278989962?
9
What is the thousands digit of 511017829?
7
What is the thousands digit of 2794412912?
2
What is t